t l = 59 - 51. Let t(w) = w**2 - 9*w + 3. Determine t(l).
-5
Let b(v) = -v**2 + v. Suppose -4*g + 4 = -4. Let y = g + -2. What is b(y)?
0
Let k(u) be the first derivative of -u + 5/6*u**3 + 1/12*u**4 - 1 + 5/2*u**2. Let v(f) be the first derivative of k(f). Give v(-4).
1
Let n(c) = c - 4. Let m = -5 - -8. Let p be n(m). Let d(s) be the first derivative of 3*s**2 + s - 42. Give d(p).
-5
Let s(v) = -v**3 + 6*v**2 - 5*v + 7. Let b(k) = k**3 + 7*k**2 - k - 2. Let o be b(-7). What is s(o)?
7
Let q(j) = 6*j**3 + 6*j**2 + 4*j + 3. Let v(a) = 5*a**3 + 7*a**2 + 5*a + 4. Let l(t) = 5*q(t) - 4*v(t). Calculate l(-1).
-9
Let n be 4/(-12)*2*-3. Suppose -y + n = 4. Let b(l) be the first derivative of l**2 + 2*l + 1. What is b(y)?
-2
Let j(y) be the second derivative of -y**4/12 + 3*y**2/2 + 7*y. Calculate j(0).
3
Let z(n) = n**3 + n**2 - n + 6. Let k = 56 + -31. Suppose 0 = b - 5*w - 25, -5*w = -4*b - 0*w + k. Give z(b).
6
Let o(h) be the third derivative of -h**7/2520 - h**6/180 + h**5/40 - 7*h**4/24 - 10*h**2. Let r(j) be the second derivative of o(j). Calculate r(-5).
-2
Let m(b) = -2*b + 20. Let x be m(9). Let y(d) = 2*d**2 - 1. What is y(x)?
7
Let o(i) be the third derivative of i**6/120 - i**5/10 + i**4/4 - i**3/3 - i**2. Let g = -281 + 286. Determine o(g).
3
Let z(c) = c + 0*c - 10 - 2. Let s(f) = f**2 - 2*f + 5. Let n be s(0). Determine z(n).
-7
Let s be 1/(5 + -3 + 3 + -4). Let q(b) = 9*b**3 - 1. Determine q(s).
8
Let m(c) = 12*c**2 + 1 - 22*c**2 + c - c. Let w = 4 - 3. Determine m(w).
-9
Let t(r) = r - 8. Let a(d) = -1. Let l be (8/4 - 0) + 3. Let u(f) = l*a(f) - t(f). Give u(-3).
6
Let l(r) = 0*r**2 - 2*r**2 + 0 - 1. Let q(k) = -3*k. Let x be q(-1). Suppose 5*d + 16 = -z, x*d = -6 - 3. Calculate l(z).
-3
Let x(w) = 2*w - 4. Let l = 8 + -3. Determine x(l).
6
Let b(z) be the third derivative of z**5/30 - z**4/12 - z**3/6 + 18*z**2. Give b(-1).
3
Let y be -3 + (-64)/(-2*2). Suppose -y + 9 = 4*j. Let v(o) = 13*o**2 + o + 1. Give v(j).
13
Let i(t) = -t**3 - 2*t**2 - 4. Let k(d) = d + 9. Let f be k(-12). Determine i(f).
5
Let z(m) be the second derivative of 0*m**4 + 0*m**2 + 0 + 3/4*m**5 + 4*m + 1/6*m**3. Determine z(-1).
-16
Let k(l) = -25*l + 4 + 24*l + 8. What is k(5)?
7
Suppose -5*d + 47 = 17. Let b(x) = x**3 + x**2 - x. Let s(o) = 3*o**3 - 5*o**2 + 5*o - 5. Let q(k) = -2*b(k) + s(k). Give q(d).
1
Let s(p) = -p**3 - 2*p**2 - 1. Suppose t - 2 - 1 = 0. Suppose -15 = -i + t*a - 0, 0 = 4*i - 2*a - 10. Let g = -2 + i. Calculate s(g).
-1
Suppose 14 = 4*y - 2*v, -y + 6*v - 19 = v. Let o(j) = 6*j - 9. Calculate o(y).
27
Let v = 4 + 0. Let w(a) = v*a - a + 0*a. Give w(-1).
-3
Let k be 1/1*-1 - 9. Let j = k - -15. Suppose -17 = -j*c - 2. Let t(q) = 2*q. Determine t(c).
6
Let y(v) be the second derivative of v**4/12 - 2*v**2 - v. Let f be (8/2 + -4)/(3 - 1). What is y(f)?
-4
Let d(g) be the second derivative of -g**4/12 - g**3 + 4*g**2 + 38*g. Calculate d(-7).
1
Let a(y) = -y**2 + 7*y + 13. Let c be a(9). Let z(w) be the second derivative of w**5/20 + w**4/2 + 4*w**3/3 + 2*w**2 + w. What is z(c)?
-11
Let t = -4 - -21. Suppose 2 = 3*c + 2*g - t, -g + 8 = c. Suppose -r = c*r. Let v(j) = -j - 2. Calculate v(r).
-2
Let y(a) = a**3 + 6*a**2 - 8*a - 7. Suppose -8 = -3*j - 29. Calculate y(j).
0
Let h(n) be the first derivative of 4*n - 1/3*n**3 - 2*n**2 - 4. What is h(-4)?
4
Let p(y) = -2*y - 4. Let g = -18 - -22. Suppose -4*w = -g*h - 0 - 4, 0 = 3*h - 4*w - 2. Calculate p(h).
8
Let w be 1/(-2) - (-8)/16. Let f(j) = -14*j + w + 7 - 2 + 12*j. Calculate f(5).
-5
Let d = 8 - 3. Let y be d + -1 - (0 + 0). Let k(u) = -u**2 + 5*u - 4. What is k(y)?
0
Let q(k) = -k**3 - 5*k**2 + k + 2. Let s = 49 - 51. Suppose -2*b - 4*r - 35 = -13, -4*b - 4*r - 36 = 0. Let j = b - s. Determine q(j).
-3
Suppose c + 0*c + 1 = 0. Let r(p) = -9*p**3 - 2*p**2 - p. Give r(c).
8
Let z(a) be the second derivative of -a**5/20 + 5*a**4/12 + a**3/2 - 3*a**2 - 5*a. What is z(5)?
9
Let u = 0 + 2. Let x(k) = 0*k**3 + 9*k**3 - 4*k**u + 3*k**2. Let r(z) = z**3 + 5*z**2 + 3*z - 3. Let s be r(-4). Determine x(s).
8
Let j(f) = -37 + 38 - f + 0*f**3 - 6*f**2 + f**3. Determine j(6).
-5
Let g be -12 + (0 - 0)/(2 + 0). Let b(v) = -v**2 - 11*v + 8. Give b(g).
-4
Let o(j) be the first derivative of j**3/3 - 3*j**2 - 2*j + 5. Let i = -2 + 8. Let c be o(i). Let v(t) = -3*t + 1. What is v(c)?
7
Let y(t) = 2*t + 4. Suppose -2*z = z - 2*d + 15, z - 3*d + 12 = 0. What is y(z)?
-2
Let t(n) = n. Let w be ((-3)/(-1))/(-2 + 3). Let j(b) = b**2 - 4 + 4*b - w*b - 2*b. Let o(l) = j(l) + t(l). Determine o(-3).
5
Let q be 4/(2 + (-6)/4). Suppose 0 = 2*r + 2*r - q. Let o(p) = p + 1. Let k(d) = -d**2 - 2*d - 3. Let i(m) = k(m) + 2*o(m). Determine i(r).
-5
Let m be (-2)/6 + (-1100)/(-15). Suppose 5*u - 13 = -m. Let y be (8/6)/(u/(-18)). Let o(d) = -d**3 + 3*d - 2. Give o(y).
-4
Let b(g) = -7*g + 1. Suppose 145 - 149 = 4*y. What is b(y)?
8
Let t(w) be the first derivative of -5*w**4/4 - w**3/3 + 6. Give t(-1).
4
Let h(d) = d**3 - 3*d**2 + d + 2. Let c(b) = -b**3 + 2*b**2 - b + 1. Let k be c(1). Let y = k + 1. What is h(y)?
0
Let h be 0/(-1 - 0 - 1). Let p(o) = 5 - o + o - o + 2*o. What is p(h)?
5
Let f(p) be the second derivative of 5*p**3/6 - p**2/2 + p. Let j(z) = z + 11. Let r be j(-4). Suppose -r*u - 5 = -2*u. Calculate f(u).
-6
Let u(v) = -v**3 - 11*v**2 + 12*v + 4. Let z be u(-12). Suppose -s = -z*s. Let n(g) = -g**3 + g + 6. Determine n(s).
6
Let l(y) be the first derivative of -y**4/8 + 3*y**2 - 3. Let d(o) be the second derivative of l(o). Let z be 1/(-1) + (-2 - -1). Calculate d(z).
6
Let i be 1/(6/2 - 1). Let z(y) be the third derivative of -i*y**3 + 1/24*y**4 + 0 + y**2 + 0*y. Determine z(5).
2
Let a = -2 - 2. Let v(i) be the third derivative of i**4/24 + i**3/3 + i**2. Let t(o) = 1. Let p(q) = a*t(q) + v(q). Calculate p(-2).
-4
Let y(r) = r**3 - r**2. Suppose -5*d + 4 = -3*d. Suppose -4*b + 6 = d. Give y(b).
0
Let z(v) be the second derivative of -2*v**2 + 0 + 1/12*v**4 - 2*v - 1/6*v**3. Let b be z(3). Let m(u) = 2*u**3 - 3*u**2. Determine m(b).
4
Let v(q) = 2*q**3 + q**3 + 3 - 10 - 4*q**3 + q. Let j = -2 - -5. Suppose n - j*n = 0. Calculate v(n).
-7
Let g(z) = z**2 + 2*z - 8. Let q(w) = -w**3 + 9*w**2 - 10*w + 8. Let p be q(8). Let k be -10 + (8 - (-4 - p)). What is g(k)?
16
Let d(f) = -f**2 - 2*f + 2. Let c be 8/(-32) + (-11)/4. Give d(c).
-1
Let g(j) = -5 - 2*j - 9 + 3. Let z(l) = l + 10. Let r(f) = -4*g(f) - 5*z(f). Let s = 7 - 3. Calculate r(s).
6
Let g(m) = m**3 - 14*m**2 + m - 10. Let n be g(14). Let s(v) = -v + 5. What is s(n)?
1
Let j(x) = x**2 + 4*x - 5. Let w be j(-4). Suppose 3*k - 14 - 13 = 0. Let d(u) = 4 - 2*u - 3*u + 2*u + k*u + u**2. Determine d(w).
-1
Let x be 10/4 - (-2)/(-4). Let k(w) be the first derivative of w**3/3 + w**2/2 + w + 4. Calculate k(x).
7
Let x(c) = c + 1 - 6*c - c + c. What is x(-1)?
6
Let u(b) = -194 + b**2 - b**3 + 2*b + 193 - 3*b**2 + 0*b**3. Let m = -5 + 2. Determine u(m).
2
Let i(n) = -n**2 - 11 - n**3 + 3 - 5*n**2. Suppose 0 = 3*w, 4*o - 5*w = -w - 24. Calculate i(o).
-8
Let x be ((-7)/14)/(3/12). Let f(w) = 0 - w + 2 + 2*w. Determine f(x).
0
Let c(q) = -71*q**2 - q**3 - 2 - 74*q**2 + 137*q**2 + 8*q. What is c(-9)?
7
Suppose -d - 54 = -4*d. Suppose 0*l - d = 3*l. Let g(j) = j**3 + 6*j**2 - j - 3. What is g(l)?
3
Let d(l) = -l**3 - l**2 + l + 6. Let g(f) = f**3 + 12*f**2 - f - 12. Let i be g(-12). What is d(i)?
6
Let n(o) = -o + 2. Suppose -1 = 5*p - 6*p. Give n(p).
1
Let p(x) be the first derivative of -x**2 + x + 1. Let g be 9/2 - (-3)/(-6). Determine p(g).
-7
Let j(r) = -3*r - r + 97 - 95. What is j(2)?
-6
Let j(y) = -24*y**2 - 20*y + 4. Let o(t) = 5*t**2 + 4*t - 1. Let r(b) = -3*j(b) - 14*o(b). Determine r(-3).
8
Suppose 4*m + 3*c + 6 = c, -4*m = 3*c + 9. Suppose -2*u - 2*u = m. Let p be 1*(-2 + (u - 0)). Let y(v) = -v. What is y(p)?
2
Let s(w) = -4*w**3 + w**2 + w. Let n be s(-1). Let x be (-5)/(-2) - 2/n. Let h(p) = 3 - 4 - 5*p - 1 - p**x. What is h(-5)?
-2
Suppose -3*p + 6 = 4*v, -2*p = 3*v - 0*v - 5. Let w(t) = -t**3 - t**2. Let d(u) = 3*u**2 - u - 1. Let z(b) = -d(b) + w(b). Determine z(p).
-9
Let m = -12 + 11. Let j = -3 - m. Let p(r) = r**3 - r - 2. What is p(j)?
-8
Suppose -3*o + 13 = 7. Let q(p) be the first derivative of p + 0*p**3 + 2 - 5/4*p**4 - p**o. Deter